{"id":387,"date":"2018-11-27T10:11:09","date_gmt":"2018-11-27T14:41:09","guid":{"rendered":"https:\/\/telecomunicacionesmonagas.com\/tcm\/?page_id=387"},"modified":"2018-11-28T14:38:00","modified_gmt":"2018-11-28T19:08:00","slug":"servicios","status":"publish","type":"page","link":"https:\/\/telecomunicacionesmonagas.com\/tcm\/servicios\/","title":{"rendered":"Servicios"},"content":{"rendered":"<div class=\"row\">\n    <div class=\"col-lg-12 verso-text-normal\">\n    \n<h1 class=\" verso-heading-image  \">\n        Servicios                        <small class=\"text-muted\">\n                M\u00e1s de 30 a\u00f1os prestando servicios de calidad.            <\/small>\n            <\/h1>\n<div class='gambit_parallax_row' data-bg-align='' data-direction='up' data-opacity='100' data-velocity='-0.3' data-mobile-enabled='' data-bg-height='1280' data-bg-width='1920' data-bg-image='https:\/\/telecomunicacionesmonagas.com\/tcm\/wp-content\/uploads\/2018\/11\/tower-820001_1920.jpg' data-bg-repeat='false' data-id='' style='display: none'><\/div><\/div>\n<\/div>\n<div class=\"row\">\n    <div class=\"col-lg-8 text-center verso-text-normal vc_custom_1543335927854\">\n    [vc_empty_space]<div class=\"media  \">\n    <img width=\"150\" height=\"150\" src=\"https:\/\/telecomunicacionesmonagas.com\/tcm\/wp-content\/uploads\/2018\/11\/Captura-de-pantalla-2013-07-05-a-las-16.08.06-150x150.png\" class=\"d-flex verso-mr-2\" alt=\"Venta de radios, accesorios y repuestos.\" decoding=\"async\" loading=\"lazy\" srcset=\"https:\/\/telecomunicacionesmonagas.com\/tcm\/wp-content\/uploads\/2018\/11\/Captura-de-pantalla-2013-07-05-a-las-16.08.06-150x150.png 150w, https:\/\/telecomunicacionesmonagas.com\/tcm\/wp-content\/uploads\/2018\/11\/Captura-de-pantalla-2013-07-05-a-las-16.08.06-300x300.png 300w, https:\/\/telecomunicacionesmonagas.com\/tcm\/wp-content\/uploads\/2018\/11\/Captura-de-pantalla-2013-07-05-a-las-16.08.06-100x100.png 100w\" sizes=\"(max-width: 150px) 100vw, 150px\" \/>    <div class=\"media-body\">\n        <h3 class=\"verso-mt-0 verso-mb-1\">\n            Venta de radios, accesorios y repuestos.        <\/h3>\n        <p>\n            Contamos con el respaldo de grandes firmas para el distribuci\u00f3n de equipos, para atender sus necesidades de forma \u00e1gil y efectiva.        <\/p>\n    <\/div>\n<\/div>\n<div class=\"media  \">\n    <img width=\"150\" height=\"150\" src=\"https:\/\/telecomunicacionesmonagas.com\/tcm\/wp-content\/uploads\/2018\/11\/radio_moto_amarillo-150x150.jpg\" class=\"d-flex verso-mr-2\" alt=\"Reparaci\u00f3n de equipos electr\u00f3nicos de telecomunicaciones.\" decoding=\"async\" loading=\"lazy\" srcset=\"https:\/\/telecomunicacionesmonagas.com\/tcm\/wp-content\/uploads\/2018\/11\/radio_moto_amarillo-150x150.jpg 150w, https:\/\/telecomunicacionesmonagas.com\/tcm\/wp-content\/uploads\/2018\/11\/radio_moto_amarillo-300x300.jpg 300w, https:\/\/telecomunicacionesmonagas.com\/tcm\/wp-content\/uploads\/2018\/11\/radio_moto_amarillo-100x100.jpg 100w\" sizes=\"(max-width: 150px) 100vw, 150px\" \/>    <div class=\"media-body\">\n        <h3 class=\"verso-mt-0 verso-mb-1\">\n            Reparaci\u00f3n de equipos electr\u00f3nicos de telecomunicaciones.        <\/h3>\n        <p>\n            Contamos con personal altamente calificado para realizar reparaciones, adem\u00e1s de contar con un amplio stock de repuestos.        <\/p>\n    <\/div>\n<\/div>\n<div class=\"media  \">\n    <img width=\"150\" height=\"150\" src=\"https:\/\/telecomunicacionesmonagas.com\/tcm\/wp-content\/uploads\/2018\/11\/KG833-150x150.jpg\" class=\"d-flex verso-mr-2\" alt=\"Alquiler de Radios mensual o por d\u00edas, seg\u00fan requerimientos. \" decoding=\"async\" loading=\"lazy\" srcset=\"https:\/\/telecomunicacionesmonagas.com\/tcm\/wp-content\/uploads\/2018\/11\/KG833-150x150.jpg 150w, https:\/\/telecomunicacionesmonagas.com\/tcm\/wp-content\/uploads\/2018\/11\/KG833-300x300.jpg 300w, https:\/\/telecomunicacionesmonagas.com\/tcm\/wp-content\/uploads\/2018\/11\/KG833-600x600.jpg 600w, https:\/\/telecomunicacionesmonagas.com\/tcm\/wp-content\/uploads\/2018\/11\/KG833-100x100.jpg 100w, https:\/\/telecomunicacionesmonagas.com\/tcm\/wp-content\/uploads\/2018\/11\/KG833.jpg 640w\" sizes=\"(max-width: 150px) 100vw, 150px\" \/>    <div class=\"media-body\">\n        <h3 class=\"verso-mt-0 verso-mb-1\">\n            Alquiler de Radios mensual o por d\u00edas, seg\u00fan requerimientos.         <\/h3>\n        <p>\n             Dirigidos a clientes que manejan eventos temporales que requieran comunicaci\u00f3n a trav\u00e9s de los radios.        <\/p>\n    <\/div>\n<\/div>\n<div class=\"media  \">\n    <img width=\"150\" height=\"150\" src=\"https:\/\/telecomunicacionesmonagas.com\/tcm\/wp-content\/uploads\/2018\/11\/signal-2237664_640-150x150.jpg\" class=\"d-flex verso-mr-2\" alt=\"Telemetr\u00eda y Control Inal\u00e1mbrico\" decoding=\"async\" loading=\"lazy\" srcset=\"https:\/\/telecomunicacionesmonagas.com\/tcm\/wp-content\/uploads\/2018\/11\/signal-2237664_640-150x150.jpg 150w, https:\/\/telecomunicacionesmonagas.com\/tcm\/wp-content\/uploads\/2018\/11\/signal-2237664_640-300x300.jpg 300w, https:\/\/telecomunicacionesmonagas.com\/tcm\/wp-content\/uploads\/2018\/11\/signal-2237664_640-600x600.jpg 600w, https:\/\/telecomunicacionesmonagas.com\/tcm\/wp-content\/uploads\/2018\/11\/signal-2237664_640-100x100.jpg 100w, https:\/\/telecomunicacionesmonagas.com\/tcm\/wp-content\/uploads\/2018\/11\/signal-2237664_640.jpg 640w\" sizes=\"(max-width: 150px) 100vw, 150px\" \/>    <div class=\"media-body\">\n        <h3 class=\"verso-mt-0 verso-mb-1\">\n            Telemetr\u00eda y Control Inal\u00e1mbrico        <\/h3>\n        <p>\n            Controlamos sus necesidades mediante notificaci\u00f3n enviada a su dispositivo m\u00f3vil( Iphone, smat phone,etc) con reporte de estados como, apertura, cierre, diferentes estados, niveles, fallas y restauraciones, entre otros.        <\/p>\n    <\/div>\n<\/div>\n<div class=\"media  \">\n    <img width=\"150\" height=\"150\" src=\"https:\/\/telecomunicacionesmonagas.com\/tcm\/wp-content\/uploads\/2018\/11\/TelemetriayControlInhalambrico-150x150.jpg\" class=\"d-flex verso-mr-2\" alt=\"Asesor\u00edas en la estructuraci\u00f3n para redes privadas de comunicaciones\" decoding=\"async\" loading=\"lazy\" srcset=\"https:\/\/telecomunicacionesmonagas.com\/tcm\/wp-content\/uploads\/2018\/11\/TelemetriayControlInhalambrico-150x150.jpg 150w, https:\/\/telecomunicacionesmonagas.com\/tcm\/wp-content\/uploads\/2018\/11\/TelemetriayControlInhalambrico-100x100.jpg 100w\" sizes=\"(max-width: 150px) 100vw, 150px\" \/>    <div class=\"media-body\">\n        <h3 class=\"verso-mt-0 verso-mb-1\">\n            Asesor\u00edas en la estructuraci\u00f3n para redes privadas de comunicaciones        <\/h3>\n        <p>\n            encabezadas con personal especializado en Ingenier\u00eda de Sistemas y Telecomunicaciones.        <\/p>\n    <\/div>\n<\/div>\n[vc_empty_space]<\/div>\n<div class=\"col-lg-4 text-center verso-text-normal\">\n    <div class=\"card verso-transition  verso-shadow-2 verso-shadow-hover-5 card-hero  \">\n                <div class=\"card-body\">\n            [vc_custom_heading text=\u00bbInteresados en nuestros servicios? \u00bb font_container=\u00bbtag:h2|text_align:left|color:%23dd3333&#8243; google_fonts=\u00bbfont_family:Anton%3Aregular|font_style:400%20regular%3A400%3Anormal\u00bb]<a href=\"https:\/\/telecomunicacionesmonagas.com\/tcm\/contacto\/\"    class=\"btn btn-secondary  btn-lg verso-shadow-2 verso-shadow-hover-5 \">\n        Contactar     <\/a>\n        <\/div>\n    <\/div>\n<\/div>\n<\/div>\n","protected":false},"excerpt":{"rendered":"Servicios M\u00e1s de 30 a\u00f1os prestando servicios de calidad. [vc_empty_space] Venta de radios, accesorios y repuestos. Contamos con el respaldo de grandes firmas para el distribuci\u00f3n de equipos, para atender sus necesidades de forma \u00e1gil y efectiva. Reparaci\u00f3n de equipos electr\u00f3nicos de telecomunicaciones. Contamos con personal altamente calificado para realizar reparaciones, adem\u00e1s de contar con [...]","protected":false},"author":1,"featured_media":0,"parent":0,"menu_order":0,"comment_status":"closed","ping_status":"closed","template":"","meta":[],"_links":{"self":[{"href":"https:\/\/telecomunicacionesmonagas.com\/tcm\/wp-json\/wp\/v2\/pages\/387"}],"collection":[{"href":"https:\/\/telecomunicacionesmonagas.com\/tcm\/wp-json\/wp\/v2\/pages"}],"about":[{"href":"https:\/\/telecomunicacionesmonagas.com\/tcm\/wp-json\/wp\/v2\/types\/page"}],"author":[{"embeddable":true,"href":"https:\/\/telecomunicacionesmonagas.com\/tcm\/wp-json\/wp\/v2\/users\/1"}],"replies":[{"embeddable":true,"href":"https:\/\/telecomunicacionesmonagas.com\/tcm\/wp-json\/wp\/v2\/comments?post=387"}],"version-history":[{"count":29,"href":"https:\/\/telecomunicacionesmonagas.com\/tcm\/wp-json\/wp\/v2\/pages\/387\/revisions"}],"predecessor-version":[{"id":492,"href":"https:\/\/telecomunicacionesmonagas.com\/tcm\/wp-json\/wp\/v2\/pages\/387\/revisions\/492"}],"wp:attachment":[{"href":"https:\/\/telecomunicacionesmonagas.com\/tcm\/wp-json\/wp\/v2\/media?parent=387"}],"curies":[{"name":"wp","href":"https:\/\/api.w.org\/{rel}","templated":true}]}}