{"id":325,"date":"2018-11-26T11:04:47","date_gmt":"2018-11-26T15:34:47","guid":{"rendered":"https:\/\/telecomunicacionesmonagas.com\/tcm\/?post_type=product&#038;p=325"},"modified":"2018-11-26T11:06:59","modified_gmt":"2018-11-26T15:36:59","slug":"radio-movil-pro5100-motorola","status":"publish","type":"product","link":"https:\/\/telecomunicacionesmonagas.com\/tcm\/producto\/radio-movil-pro5100-motorola\/","title":{"rendered":"RADIO M\u00d3VIL  PRO5100  MOTOROLA"},"content":{"rendered":"<h4><strong>Beneficios<\/strong><\/h4>\n<p><strong>15 zonas troncalizadas con 16 grupos de conversaci\u00f3n.<\/strong><br \/>\nMejora la eficiencia de cualquier sistema LTR mediante la<br \/>\noperaci\u00f3n troncalizada.<br \/>\n<strong>Funciones de se\u00f1alizaci\u00f3n MDC<\/strong><br \/>\nLas funciones \u00fanicas de se\u00f1alizaci\u00f3n MDC de Motorola<br \/>\nincluyen llamada selectiva y alerta de llamada. El radio m\u00f3vil<br \/>\nPRO5100 tambi\u00e9n ofrece verificaci\u00f3n de radio, identificaci\u00f3n<br \/>\nde llamada (PTT-ID), e inhibici\u00f3n selectiva de radio para una<br \/>\ncomunicaci\u00f3n m\u00e1s eficiente del grupo de trabajo.<br \/>\n<strong>Pantalla de 14 Caracteres Alfanum\u00e9ricos<\/strong><br \/>\nIconos f\u00e1ciles de comprender, brindan informaci\u00f3n sobre el<br \/>\nestado de funciones tales como rastreo, alta \/ baja potencia<br \/>\ny fuerza de la se\u00f1al recibida.<br \/>\n<strong>Rastreo con Doble Prioridad<\/strong><br \/>\nUse esta funci\u00f3n para situaciones donde necesite supervisar<br \/>\nuno o dos grupos de trabajo con mayor frecuencia que a<br \/>\notros grupos.<br \/>\n<strong>Escalert<\/strong><br \/>\nCuando recibe una llamada selectiva o alerta de llamada,<br \/>\nel sonido aumenta gradualmente hasta que la llamada es<br \/>\nrespondida.<br \/>\n<strong>Alarma de Emergencia<\/strong><br \/>\nUn bot\u00f3n del radio puede ser programado para notificar al<br \/>\noperador sobre una situaci\u00f3n de emergencia.<br \/>\n<strong>Verificaci\u00f3n de Radio<\/strong><br \/>\nLe permite conocer si el radio est\u00e1 en el aire y dentro del<br \/>\n\u00e1rea de cobertura sin incomodar al usuario.<\/p>\n","protected":false},"excerpt":{"rendered":"<p><strong>Caracter\u00edsticas<\/strong><br \/>\n\u2022 64 canales convencionales<br \/>\n\u2022 15 zonas troncalizadas con 16 grupos de conversaci\u00f3n cada una.<br \/>\n\u2022 Identificaci\u00f3n de Llamada PTT-ID (env\u00edo \/ recepci\u00f3n)<br \/>\n\u2022 Alerta de Llamada (env\u00edo \/ recepci\u00f3n)<br \/>\n\u2022 Llamada Selectiva de Voz (env\u00edo \/ recepci\u00f3n)<br \/>\n\u2022 Verificaci\u00f3n del Radio (env\u00edo \/ recepci\u00f3n)<br \/>\n\u2022 Inhibici\u00f3n Selectiva del Radio (recepci\u00f3n)<br \/>\n\u2022 Emergencia (env\u00edo)<br \/>\n\u2022 Se\u00f1alizaci\u00f3n Quik-Call II (env\u00edo \/ recepci\u00f3n)<br \/>\n\u2022 Zonificaci\u00f3n<br \/>\n\u2022 Monitoreo<br \/>\n\u2022 Rastreo con Doble Prioridad<br \/>\n\u2022 Pantalla de 14 Caracteres Alfanum\u00e9ricos<br \/>\n\u2022 Bloqueo de Canal Ocupado<br \/>\n\u2022 Limitador de Tiempo de Transmisi\u00f3n<br \/>\n\u2022 Eliminaci\u00f3n de Canal no Deseado<br \/>\n\u2022 Botones Intercambiables<br \/>\n\u2022 CSQ \/ PL \/ DPL \/ Inv-DPL<br \/>\n\u2022 Puerto para Tarjetas Opcionales<\/p>\n","protected":false},"featured_media":316,"template":"","meta":[],"_links":{"self":[{"href":"https:\/\/telecomunicacionesmonagas.com\/tcm\/wp-json\/wp\/v2\/product\/325"}],"collection":[{"href":"https:\/\/telecomunicacionesmonagas.com\/tcm\/wp-json\/wp\/v2\/product"}],"about":[{"href":"https:\/\/telecomunicacionesmonagas.com\/tcm\/wp-json\/wp\/v2\/types\/product"}],"wp:featuredmedia":[{"embeddable":true,"href":"https:\/\/telecomunicacionesmonagas.com\/tcm\/wp-json\/wp\/v2\/media\/316"}],"wp:attachment":[{"href":"https:\/\/telecomunicacionesmonagas.com\/tcm\/wp-json\/wp\/v2\/media?parent=325"}],"curies":[{"name":"wp","href":"https:\/\/api.w.org\/{rel}","templated":true}]}}