{"id":332,"date":"2018-11-26T11:33:36","date_gmt":"2018-11-26T16:03:36","guid":{"rendered":"https:\/\/telecomunicacionesmonagas.com\/tcm\/?post_type=product&#038;p=332"},"modified":"2018-11-26T11:41:04","modified_gmt":"2018-11-26T16:11:04","slug":"radio-portatil-pro5150-elite-motorola","status":"publish","type":"product","link":"https:\/\/telecomunicacionesmonagas.com\/tcm\/producto\/radio-portatil-pro5150-elite-motorola\/","title":{"rendered":"RADIO PORT\u00c1TIL  PRO5150 ELITE  MOTOROLA"},"content":{"rendered":"<h4>Beneficios<\/h4>\n<p><strong>1 zona troncalizada con 16 grupos de conversaci\u00f3n<\/strong><br \/>\nMejora la eficiencia de cualquier sistema LTR mediante la<br \/>\noperaci\u00f3n troncalizada.<br \/>\n<strong>Tecnolog\u00eda de Compresi\u00f3n de Voz<\/strong><br \/>\nGracias a la tecnolog\u00eda de compresi\u00f3n de voz X-Pand\u2122, la<br \/>\ncalidad del sonido es claro y fuerte aun en ambientes ruidosos.<br \/>\n<strong>Funciones de se\u00f1alizaci\u00f3n MDC<\/strong><br \/>\nLas funciones \u00fanicas de se\u00f1alizaci\u00f3n MDC de Motorola<br \/>\nincluyen llamada selectiva y alerta de llamada. El radio<br \/>\nport\u00e1til PRO5150 Elite tambi\u00e9n ofrece verificaci\u00f3n de radio<br \/>\n(recepci\u00f3n), e identificaci\u00f3n de llamada &#8211; PTT-ID (env\u00edo) para<br \/>\nuna comunicaci\u00f3n eficiente del grupo de trabajo.<br \/>\n<strong>Sirena\/Alerta de Emergencia<\/strong><br \/>\nSe puede programar un bot\u00f3n especial en la parte superior<br \/>\ndel radio para que produzca un sonido intenso cuando se<br \/>\nle presione en caso de una emergencia. Para emergencias<br \/>\ncr\u00edticas, el centro de despacho puede ser alertado.<br \/>\n<strong>Espaciamiento de Canales de 12.5 \u00f3 25 kHz<\/strong><br \/>\nCada canal se puede programar con un espaciamiento de<br \/>\ncanales de 12.5 kHz \u00f3 25 kHz, brindando flexibilidad para<br \/>\ncumplir con las cambiantes normas gubernamentales.<br \/>\n<strong>Rastreo Selectivo del Sistema \/ Todos los Grupos \/ Auto<\/strong><br \/>\n<strong>Grupos<\/strong><br \/>\nTres modos de rastreo permiten monitorear las transmisiones<br \/>\nde m\u00faltiples grupos de conversaci\u00f3n.<\/p>\n<p><strong>Escalert<\/strong><br \/>\nEl sonido del tono de alerta se aumenta gradualmente cuando<br \/>\nno se responde a una llamada selectiva o una alerta de llamada<br \/>\nCall Alert.<br \/>\n<strong>Transmisi\u00f3n Interna Accionada por Voz (VOX)<\/strong><br \/>\nCon el uso de una diadema apropiada, se puede hablar y<br \/>\nescuchar una conversaci\u00f3n por radio sin necesidad de utilizar<br \/>\nlas manos<\/p>\n","protected":false},"excerpt":{"rendered":"<p><strong>Caracter\u00edsticas<\/strong><br \/>\n\u2022 16 Canales Convencionales<br \/>\n\u2022 Una zona troncalizada con 16 grupos de conversaci\u00f3n<br \/>\n\u2022 Identificaci\u00f3n de Llamada (PTT-ID) (env\u00edo)<br \/>\n\u2022 Alerta de Llamada\/Call Alert\u2122 (recepci\u00f3n)<br \/>\n\u2022 Alerta de Emergencia (recepci\u00f3n)<br \/>\n\u2022 Sirena de Emergencia<br \/>\n\u2022 Identificaci\u00f3n por Tonos<br \/>\n\u2022 Llamada Selectiva de Voz (recepci\u00f3n)<br \/>\n\u2022 Inhibici\u00f3n Selectiva de Radio (recepci\u00f3n)<br \/>\n\u2022 Se\u00f1alizaci\u00f3n Quik-Call II (recepci\u00f3n)<br \/>\n\u2022 Medidor de Bateria (LED\/Tono)<br \/>\n\u2022 Operaci\u00f3n Mediante Repetidor o Radio a Radio<br \/>\n\u2022 Monitoreo<br \/>\n\u2022 Rastreo de Prioridad \u00danica<br \/>\n\u2022 Silenciamiento Comprimido\/Normal<br \/>\n\u2022 Bloqueo de Canal Ocupado<br \/>\n\u2022 Limitador de Tiempo de Transmisi\u00f3n<br \/>\n\u2022 Elminaci\u00f3n de Canal Ruidoso<br \/>\n\u2022 CSQ\/PL\/DPL inv-DPL<\/p>\n","protected":false},"featured_media":333,"template":"","meta":[],"_links":{"self":[{"href":"https:\/\/telecomunicacionesmonagas.com\/tcm\/wp-json\/wp\/v2\/product\/332"}],"collection":[{"href":"https:\/\/telecomunicacionesmonagas.com\/tcm\/wp-json\/wp\/v2\/product"}],"about":[{"href":"https:\/\/telecomunicacionesmonagas.com\/tcm\/wp-json\/wp\/v2\/types\/product"}],"wp:featuredmedia":[{"embeddable":true,"href":"https:\/\/telecomunicacionesmonagas.com\/tcm\/wp-json\/wp\/v2\/media\/333"}],"wp:attachment":[{"href":"https:\/\/telecomunicacionesmonagas.com\/tcm\/wp-json\/wp\/v2\/media?parent=332"}],"curies":[{"name":"wp","href":"https:\/\/api.w.org\/{rel}","templated":true}]}}