{"id":584,"date":"2018-11-29T11:36:17","date_gmt":"2018-11-29T16:06:17","guid":{"rendered":"https:\/\/telecomunicacionesmonagas.com\/tcm\/?post_type=product&#038;p=584"},"modified":"2018-11-29T11:36:18","modified_gmt":"2018-11-29T16:06:18","slug":"manos-libres-tubo-acustico-para-radios-portatiles-motorola-mtp850-etc","status":"publish","type":"product","link":"https:\/\/telecomunicacionesmonagas.com\/tcm\/producto\/manos-libres-tubo-acustico-para-radios-portatiles-motorola-mtp850-etc\/","title":{"rendered":"MANOS LIBRES. TUBO ACUSTICO PARA RADIOS PORTATILES MOTOROLA MTP850, ETC."},"content":{"rendered":"","protected":false},"excerpt":{"rendered":"<p>AURICULAR DE TUBO PL\u00c1STICO CON MICR\u00d3FONO, MANOS LIBRE Y PTT PARA RADIOS PORT\u00c1TILES MOTOROLA.\u00a0 COMPATIBLE CON LOS MODELOS MTP850.<\/p>\n","protected":false},"featured_media":585,"template":"","meta":[],"_links":{"self":[{"href":"https:\/\/telecomunicacionesmonagas.com\/tcm\/wp-json\/wp\/v2\/product\/584"}],"collection":[{"href":"https:\/\/telecomunicacionesmonagas.com\/tcm\/wp-json\/wp\/v2\/product"}],"about":[{"href":"https:\/\/telecomunicacionesmonagas.com\/tcm\/wp-json\/wp\/v2\/types\/product"}],"wp:featuredmedia":[{"embeddable":true,"href":"https:\/\/telecomunicacionesmonagas.com\/tcm\/wp-json\/wp\/v2\/media\/585"}],"wp:attachment":[{"href":"https:\/\/telecomunicacionesmonagas.com\/tcm\/wp-json\/wp\/v2\/media?parent=584"}],"curies":[{"name":"wp","href":"https:\/\/api.w.org\/{rel}","templated":true}]}}